9
What are the prime factors of 3605488276?
2, 13, 69336313
List the prime factors of 162583154.
2, 81291577
What are the prime factors of 179198517?
3, 59, 1012421
List the prime factors of 5537189154.
2, 3, 7, 41, 103, 31219
List the prime factors of 54203109.
3, 18067703
List the prime factors of 94572905.
5, 7, 2702083
What are the prime factors of 438683319?
3, 29, 1680779
What are the prime factors of 606347666?
2, 23, 53, 248707
List the prime factors of 162519890.
2, 5, 13, 47, 67, 397
What are the prime factors of 17454855?
3, 5, 11, 59, 163
List the prime factors of 1178686072.
2, 43, 3426413
What are the prime factors of 481291613?
11, 2203, 19861
List the prime factors of 2577831051.
3, 823, 1044079
List the prime factors of 45101409.
3, 29, 37, 14011
List the prime factors of 8387367078.
2, 3, 17, 82229089
List the prime factors of 5167066283.
19, 14313203
List the prime factors of 168032009.
168032009
List the prime factors of 425313981.
3, 181, 261089
What are the prime factors of 40809131?
11, 19, 195259
List the prime factors of 14805151.
14805151
What are the prime factors of 1403155166?
2, 7, 307, 326467
List the prime factors of 2125987458.
2, 3, 7, 50618749
What are the prime factors of 198227738?
2, 53, 83, 22531
What are the prime factors of 95461580?
2, 5, 97, 49207
What are the prime factors of 161764687?
7, 193, 119737
What are the prime factors of 424075954?
2, 2767, 76631
What are the prime factors of 1017354570?
2, 3, 5, 3067, 11057
What are the prime factors of 49467480?
2, 3, 5, 23, 17923
What are the prime factors of 210860593?
571, 369283
What are the prime factors of 148740179?
7, 21248597
What are the prime factors of 144174770?
2, 5, 317, 45481
List the prime factors of 41317139.
5479, 7541
What are the prime factors of 3045062164?
2, 761265541
What are the prime factors of 126318441?
3, 19, 2216113
List the prime factors of 175245511.
7, 31, 43, 2683
List the prime factors of 156400201.
156400201
List the prime factors of 69441925.
5, 7, 53, 7487
What are the prime factors of 166599733?
19, 8768407
List the prime factors of 14771929.
17, 868937
What are the prime factors of 2084419651?
2084419651
List the prime factors of 56431381.
17, 3319493
List the prime factors of 137279198.
2, 7, 47, 208631
List the prime factors of 418692756.
2, 3, 34891063
List the prime factors of 3610954366.
2, 1805477183
What are the prime factors of 2233776029?
2233776029
List the prime factors of 22098799.
22098799
What are the prime factors of 1258331913?
3, 139814657
List the prime factors of 484083970.
2, 5, 2089, 23173
List the prime factors of 2060495839.
47, 43840337
List the prime factors of 194940413.
53, 3678121
List the prime factors of 37834454.
2, 7, 929, 2909
What are the prime factors of 374112367?
374112367
What are the prime factors of 130904080?
2, 5, 17, 101, 953
What are the prime factors of 21628972?
2, 5407243
List the prime factors of 74453883.
3, 7, 137, 3697
List the prime factors of 52136320.
2, 5, 81463
List the prime factors of 2674851670.
2, 5, 267485167
List the prime factors of 61978652.
2, 23, 43, 15667
What are the prime factors of 46200452?
2, 11550113
What are the prime factors of 3848235826?
2, 47, 131, 312509
What are the prime factors of 11680526?
2, 11, 13, 40841
List the prime factors of 20652116.
2, 1229, 4201
List the prime factors of 2928203959.
73, 40112383
What are the prime factors of 29594231?
83, 149, 2393
List the prime factors of 119245518.
2, 3, 7, 353, 383
List the prime factors of 745783643.
11, 67798513
What are the prime factors of 5989280?
2, 5, 11, 41, 83
What are the prime factors of 10300299?
3, 19, 157, 1151
What are the prime factors of 97262031?
3, 59, 549503
List the prime factors of 117255077.
117255077
What are the prime factors of 368281329?
3, 13, 1889, 4999
What are the prime factors of 3248935178?
2, 17, 95556917
List the prime factors of 1589566340.
2, 5, 23, 1361, 2539
List the prime factors of 161583123.
3, 13, 59, 70223
List the prime factors of 78950503.
211, 374173
What are the prime factors of 3965625765?
3, 5, 43, 2049419
What are the prime factors of 25528929?
3, 79, 107717
List the prime factors of 2530742553.
3, 17, 16540801
List the prime factors of 10724053.
71, 131, 1153
List the prime factors of 5591344703.
7, 401, 1991929
List the prime factors of 1885597382.
2, 31, 1399, 21739
What are the prime factors of 3970719489?
3, 11, 659, 182587
What are the prime factors of 2131113362?
2, 7, 152222383
List the prime factors of 219020376.
2, 3, 47, 194167
List the prime factors of 367224467.
367224467
List the prime factors of 6017400.
2, 3, 5, 3343
What are the prime factors of 248218906?
2, 13, 467, 20443
What are the prime factors of 86077390?
2, 5, 7, 31, 39667
List the prime factors of 4224481724.
2, 31, 34068401
List the prime factors of 576020670.
2, 3, 5, 4283, 4483
What are the prime factors of 1197672412?
2, 299418103
What are the prime factors of 21889722?
2, 3, 29, 125803
What are the prime factors of 47485107?
3, 1613, 3271
What are the prime factors of 31203838?
2, 15601919
List the prime factors of 8329728050.
2, 5, 7, 89, 38201
What are the prime factors of 1601356571?
907, 1765553
What are the prime factors of 587875072?
2, 31, 74077
List the prime factors of 4736584223.
7, 1487, 455047
What are the prime factors of 81578303?
37, 73, 30203
List the prime factors of 92891599.
47, 523, 3779
List the prime factors of 1684145447.
83, 20290909
What are the prime factors of 2952568?
2, 369071
List the prime factors of 873317174.
2, 59, 7400993
List the prime factors of 70331061.
3, 29, 661, 1223
List the prime factors of 93347980.
2, 5, 11, 41, 79, 131
What are the prime factors of 414101467?
13, 1259, 25301
What are the prime factors of 991605183?
3, 330535061
What are the prime factors of 145824274?
2, 4813, 15149
List the prime factors of 466663962.
2, 3, 77777327
What are the prime factors of 492891052?
2, 1459, 84457
List the prime factors of 3377602374.
2, 3, 19, 3547, 8353
What are the prime factors of 50361759?
3, 7, 114199
List the prime factors of 3269485706.
2, 337, 1439, 3371
List the prime factors of 559431434.
2, 1123, 249079
What are the prime factors of 20215803?
3, 241, 27961
List the prime factors of 2516877403.
347, 2053, 3533
What are the prime factors of 1670471751?
3, 13, 42832609
What are the prime factors of 76792759?
2113, 36343
List the prime factors of 1158491196.
2, 3, 59, 545429
List the prime factors of 150222181.
263, 607, 941
List the prime factors of 1362085894.
2, 13, 5939, 8821
What are the prime factors of 548439408?
2, 3, 11, 19, 18223
List the prime factors of 866798784.
2, 3, 1504859
What are the prime factors of 131008504?
2, 11, 293, 5081
What are the prime factors of 88951673?
19, 41, 89, 1283
List the prime factors of 90023023.
199, 452377
What are the prime factors of 1366756993?
7, 195250999
What are the prime factors of 652186375?
5, 43, 67, 1811
What are the prime factors of 842599526?
2, 17, 23, 181, 5953
List the prime factors of 46983518.
2, 233, 100823
List the prime factors of 34256393.
34256393
What are the prime factors of 101570234?
2, 389, 130553
List the prime factors of 15570947.
7, 149, 14929
List the prime factors of 284984995.
5, 79, 721481
List the prime factors of 646541544.
2, 3, 11, 29, 84449
List the prime factors of 1140814569.
3, 8263, 46021
What are the prime factors of 42172391?
113, 373207
What are the prime factors of 563579077?
7057, 79861
What are the prime factors of 567812276?
2, 71, 1999339
List the prime factors of 2723320644.
2, 3, 11, 17, 1213601
What are the prime factors of 312390371?
37, 379, 22277
What are the prime factors of 325193266?
2, 53, 3067861
List the prime factors of 1049022988.
2, 13, 79, 255361
What are the prime factors of 127447945?
5, 23, 239, 4637
What are the prime factors of 647803888?
2, 40487743
What are the prime factors of 1296649191?
3, 67, 307, 21013
What are the prime factors of 64072627?
41, 199, 7853
What are the prime factors of 350073643?
941, 372023
List the prime factors of 71032498.
2, 251, 141499
What are the prime factors of 185973477?
3, 61991159
List the prime factors of 19606837.
19606837
What are the prime factors of